mmon factor of 663 and 9.
3
What is the highest common divisor of 11 and 2156?
11
Calculate the greatest common factor of 1230 and 24.
6
Calculate the greatest common divisor of 1256 and 21038.
314
Calculate the greatest common factor of 44 and 836.
44
What is the highest common factor of 63 and 763?
7
What is the greatest common divisor of 7530 and 40?
10
What is the highest common factor of 108 and 1728?
108
Calculate the highest common divisor of 12 and 564.
12
Calculate the greatest common divisor of 222 and 42.
6
What is the highest common factor of 21 and 546?
21
Calculate the greatest common divisor of 217 and 21.
7
Calculate the greatest common factor of 64 and 192.
64
Calculate the highest common divisor of 1113 and 63.
21
What is the greatest common divisor of 168 and 1368?
24
Calculate the highest common factor of 77 and 847.
77
Calculate the highest common divisor of 43 and 688.
43
Calculate the highest common factor of 224 and 4634.
14
What is the greatest common divisor of 242 and 22?
22
What is the greatest common factor of 1313 and 13?
13
Calculate the greatest common factor of 485 and 97.
97
What is the highest common factor of 25 and 2575?
25
What is the highest common divisor of 102 and 66?
6
Calculate the highest common factor of 2529 and 9.
9
What is the greatest common divisor of 188 and 12?
4
What is the greatest common divisor of 192 and 15?
3
Calculate the greatest common divisor of 12 and 21.
3
Calculate the greatest common divisor of 102 and 867.
51
What is the highest common factor of 51 and 14127?
51
Calculate the highest common divisor of 26888 and 8.
8
Calculate the highest common divisor of 15 and 735.
15
What is the highest common divisor of 236 and 2?
2
What is the greatest common factor of 23814 and 196?
98
Calculate the greatest common divisor of 39077 and 23.
23
What is the greatest common divisor of 30 and 2430?
30
What is the greatest common factor of 243 and 162?
81
Calculate the highest common factor of 888 and 216.
24
What is the greatest common divisor of 36 and 2511?
9
Calculate the highest common divisor of 12288 and 24.
24
What is the highest common divisor of 36 and 162?
18
Calculate the highest common factor of 305 and 1647.
61
What is the greatest common divisor of 143 and 208?
13
What is the greatest common divisor of 5090 and 10?
10
What is the greatest common divisor of 15125 and 225?
25
Calculate the greatest common factor of 561 and 8789.
187
Calculate the highest common factor of 749 and 14.
7
What is the greatest common factor of 168 and 56?
56
Calculate the highest common factor of 272 and 476.
68
Calculate the highest common factor of 141 and 893.
47
What is the highest common factor of 112 and 48?
16
Calculate the highest common divisor of 15 and 39.
3
What is the greatest common factor of 2506 and 4475?
179
What is the greatest common divisor of 35 and 616?
7
What is the greatest common divisor of 525 and 1025?
25
Calculate the highest common divisor of 4 and 436.
4
What is the greatest common factor of 35 and 5040?
35
What is the greatest common factor of 4087 and 268?
67
What is the highest common divisor of 1219 and 265?
53
Calculate the greatest common divisor of 817 and 38.
19
What is the highest common factor of 325 and 125?
25
What is the greatest common factor of 374 and 51?
17
What is the highest common factor of 4 and 54?
2
What is the highest common divisor of 76 and 285?
19
Calculate the greatest common divisor of 24 and 432.
24
Calculate the highest common divisor of 155 and 31.
31
What is the highest common factor of 104 and 117?
13
Calculate the highest common factor of 356 and 89.
89
Calculate the highest common divisor of 222 and 370.
74
What is the highest common factor of 58 and 261?
29
What is the highest common factor of 30 and 140?
10
What is the highest common divisor of 315 and 24780?
105
What is the highest common factor of 1376 and 43?
43
What is the highest common divisor of 98 and 931?
49
Calculate the greatest common divisor of 2114 and 14.
14
Calculate the greatest common factor of 421 and 1.
1
Calculate the highest common divisor of 3045 and 735.
105
What is the greatest common factor of 75 and 60?
15
What is the greatest common factor of 1122 and 66?
66
Calculate the greatest common factor of 11 and 429.
11
What is the highest common divisor of 19859 and 7?
7
What is the highest common factor of 60 and 3810?
30
Calculate the highest common divisor of 4344 and 72.
24
What is the highest common factor of 39 and 195?
39
What is the greatest common divisor of 49 and 189?
7
What is the highest common divisor of 56 and 1828?
4
Calculate the greatest common factor of 871 and 134.
67
Calculate the highest common divisor of 2755 and 15.
5
Calculate the highest common divisor of 74 and 44659.
37
What is the greatest common divisor of 128 and 576?
64
Calculate the greatest common factor of 440 and 16.
8
What is the highest common factor of 49 and 931?
49
Calculate the greatest common divisor of 1640 and 120.
40
What is the highest common factor of 32 and 8?
8
Calculate the highest common factor of 236 and 76.
4
What is the greatest common factor of 11 and 198?
11
Calculate the highest common factor of 8096 and 161.
23
What is the greatest common divisor of 1606 and 209?
11
Calculate the highest common factor of 133 and 6593.
19
Calculate the highest common divisor of 2369 and 23.
23
Calculate the greatest common factor of 140 and 70.
70
Calculate the highest common factor of 8 and 1.
1
What is the highest common factor of 80 and 2540?
20
What is the highest common factor of 112 and 4144?
112
What is the greatest common factor of 14 and 3549?
7
What is the greatest common divisor of 840 and 1890?
210
Calculate the highest common factor of 17 and 731.
17
Calculate the greatest common divisor of 5655 and 58.
29
Calculate the greatest common divisor of 288 and 54.
18
Calculate the highest common factor of 328 and 410.
82
What is the greatest common divisor of 55 and 305?
5
What is the greatest common divisor of 12 and 9?
3
What is the greatest common factor of 272 and 1104?
16
What is the greatest common factor of 2652 and 3264?
204
Calculate the highest common divisor of 11 and 605.
11
What is the highest common factor of 517 and 329?
47
Calculate the greatest common factor of 82 and 3034.
82
Calculate the highest common divisor of 2336 and 73.
73
What is the greatest common factor of 6 and 303?
3
Calculate the greatest common divisor of 209 and 275.
11
Calculate the greatest common factor of 22 and 31.
1
What is the greatest common divisor of 6466 and 424?
106
Calculate the highest common factor of 7225 and 50.
25
What is the highest common divisor of 13851 and 38?
19
What is the greatest common factor of 1177 and 321?
107
Calculate the highest common factor of 533 and 117.
13
What is the greatest common divisor of 1958 and 352?
22
Calculate the greatest common factor of 594 and 135.
27
What is the highest common factor of 33 and 1067?
11
What is the highest common divisor of 126 and 162?
18
Calculate the greatest common factor of 35 and 3405.
5
What is the greatest common divisor of 11029 and 269?
269
What is the highest common divisor of 525 and 42?
21
What is the greatest common divisor of 56 and 8?
8
Calculate the highest common factor of 589 and 217.
31
Calculate the highest common divisor of 949 and 26.
13
Calculate the highest common factor of 5 and 415.
5
What is the greatest common factor of 42 and 6?
6
What is the greatest common factor of 333 and 74?
37
Calculate the highest common divisor of 99 and 209.
11
What is the greatest common divisor of 26 and 2?
2
Calculate the greatest common factor of 4 and 226.
2
What is the greatest common divisor of 1026 and 186?
6
What is the highest common factor of 3745 and 70?
35
What is the greatest common divisor of 9514 and 268?
134
What is the highest common factor of 90 and 6600?
30
Calculate the highest common divisor of 25713 and 18.
9
Calculate the highest common factor of 8 and 136.
8
What is the greatest common divisor of 11 and 253?
11
What is the highest common divisor of 12 and 66?
6
Calculate the highest common divisor of 280 and 8.
8
What is the highest common factor of 5170 and 110?
110
What is the 